[INFO] fetching crate solana-banks-server 1.3.7...
[INFO] checking solana-banks-server-1.3.7 against try#72f88fc4e9458f89516a0b8b0868f3718aec5b47 for pr-74989
[INFO] extracting crate solana-banks-server 1.3.7 into /workspace/builds/worker-3/source
[INFO] validating manifest of crates.io crate solana-banks-server 1.3.7 on toolchain 72f88fc4e9458f89516a0b8b0868f3718aec5b47
[INFO] running `Command { std: "/workspace/cargo-home/bin/cargo" "+72f88fc4e9458f89516a0b8b0868f3718aec5b47" "read-manifest" "--manifest-path" "Cargo.toml", kill_on_drop: false }`
[INFO] started tweaking crates.io crate solana-banks-server 1.3.7
[INFO] finished tweaking crates.io crate solana-banks-server 1.3.7
[INFO] tweaked toml for crates.io crate solana-banks-server 1.3.7 written to /workspace/builds/worker-3/source/Cargo.toml
[INFO] running `Command { std: "/workspace/cargo-home/bin/cargo" "+72f88fc4e9458f89516a0b8b0868f3718aec5b47" "generate-lockfile" "--manifest-path" "Cargo.toml" "-Zno-index-update", kill_on_drop: false }`
[INFO] running `Command { std: "/workspace/cargo-home/bin/cargo" "+72f88fc4e9458f89516a0b8b0868f3718aec5b47" "fetch" "--locked" "--manifest-path" "Cargo.toml", kill_on_drop: false }`
[INFO] running `Command { std: "docker" "create" "-v" "/var/lib/crater-agent-workspace/builds/worker-3/target:/opt/rustwide/target:rw,Z" "-v" "/var/lib/crater-agent-workspace/builds/worker-3/source:/opt/rustwide/workdir:ro,Z" "-v" "/var/lib/crater-agent-workspace/cargo-home:/opt/rustwide/cargo-home:ro,Z" "-v" "/var/lib/crater-agent-workspace/rustup-home:/opt/rustwide/rustup-home:ro,Z" "-e" "SOURCE_DIR=/opt/rustwide/workdir" "-e" "CARGO_TARGET_DIR=/opt/rustwide/target" "-e" "CARGO_HOME=/opt/rustwide/cargo-home" "-e" "RUSTUP_HOME=/opt/rustwide/rustup-home" "-w" "/opt/rustwide/workdir" "-m" "1610612736" "--user" "0:0" "--network" "none" "rustops/crates-build-env@sha256:d92eaeed33fa75130ca1ee6c8a01d1ffb62bac859dfdfb3450e3e5d1c0146529" "/opt/rustwide/cargo-home/bin/cargo" "+72f88fc4e9458f89516a0b8b0868f3718aec5b47" "metadata" "--no-deps" "--format-version=1", kill_on_drop: false }`
[INFO] [stdout] bea54f80386f6ef93a70dd916f5e0279c7d459d95cb7dfbb7c6de3cf95956564
[INFO] [stderr] WARNING: Your kernel does not support swap limit capabilities or the cgroup is not mounted. Memory limited without swap.
[INFO] running `Command { std: "docker" "start" "-a" "bea54f80386f6ef93a70dd916f5e0279c7d459d95cb7dfbb7c6de3cf95956564", kill_on_drop: false }`
[INFO] running `Command { std: "docker" "inspect" "bea54f80386f6ef93a70dd916f5e0279c7d459d95cb7dfbb7c6de3cf95956564", kill_on_drop: false }`
[INFO] running `Command { std: "docker" "rm" "-f" "bea54f80386f6ef93a70dd916f5e0279c7d459d95cb7dfbb7c6de3cf95956564", kill_on_drop: false }`
[INFO] [stdout] bea54f80386f6ef93a70dd916f5e0279c7d459d95cb7dfbb7c6de3cf95956564
[INFO] running `Command { std: "docker" "create" "-v" "/var/lib/crater-agent-workspace/builds/worker-3/target:/opt/rustwide/target:rw,Z" "-v" "/var/lib/crater-agent-workspace/builds/worker-3/source:/opt/rustwide/workdir:ro,Z" "-v" "/var/lib/crater-agent-workspace/cargo-home:/opt/rustwide/cargo-home:ro,Z" "-v" "/var/lib/crater-agent-workspace/rustup-home:/opt/rustwide/rustup-home:ro,Z" "-e" "SOURCE_DIR=/opt/rustwide/workdir" "-e" "CARGO_TARGET_DIR=/opt/rustwide/target" "-e" "CARGO_INCREMENTAL=0" "-e" "RUST_BACKTRACE=full" "-e" "RUSTFLAGS=--cap-lints=forbid" "-e" "CARGO_HOME=/opt/rustwide/cargo-home" "-e" "RUSTUP_HOME=/opt/rustwide/rustup-home" "-w" "/opt/rustwide/workdir" "-m" "1610612736" "--user" "0:0" "--network" "none" "rustops/crates-build-env@sha256:d92eaeed33fa75130ca1ee6c8a01d1ffb62bac859dfdfb3450e3e5d1c0146529" "/opt/rustwide/cargo-home/bin/cargo" "+72f88fc4e9458f89516a0b8b0868f3718aec5b47" "check" "--frozen" "--all" "--all-targets" "--message-format=json", kill_on_drop: false }`
[INFO] [stdout] 0e9d24873802e103b793eb6c9111ffa2c1e81b4baa99ddb4951cf13de6e407d6
[INFO] [stderr] WARNING: Your kernel does not support swap limit capabilities or the cgroup is not mounted. Memory limited without swap.
[INFO] running `Command { std: "docker" "start" "-a" "0e9d24873802e103b793eb6c9111ffa2c1e81b4baa99ddb4951cf13de6e407d6", kill_on_drop: false }`
[INFO] [stderr]    Compiling libc v0.2.77
[INFO] [stderr]     Checking cfg-if v0.1.10
[INFO] [stderr]    Compiling proc-macro2 v1.0.21
[INFO] [stderr]    Compiling unicode-xid v0.2.1
[INFO] [stderr]    Compiling syn v1.0.40
[INFO] [stderr]    Compiling autocfg v1.0.1
[INFO] [stderr]     Checking spin v0.5.2
[INFO] [stderr]    Compiling log v0.4.11
[INFO] [stderr]    Compiling semver-parser v0.7.0
[INFO] [stderr]     Checking slab v0.4.2
[INFO] [stderr]    Compiling serde_derive v1.0.116
[INFO] [stderr]    Compiling memchr v2.3.3
[INFO] [stderr]    Compiling byteorder v1.3.4
[INFO] [stderr]    Compiling serde v1.0.116
[INFO] [stderr]    Compiling maybe-uninit v2.0.0
[INFO] [stderr]     Checking fnv v1.0.7
[INFO] [stderr]    Compiling typenum v1.12.0
[INFO] [stderr]    Compiling version_check v0.9.2
[INFO] [stderr]     Checking futures-core v0.3.5
[INFO] [stderr]    Compiling proc-macro-hack v0.5.18
[INFO] [stderr]     Checking futures v0.1.29
[INFO] [stderr]     Checking scopeguard v1.1.0
[INFO] [stderr]     Checking futures-sink v0.3.5
[INFO] [stderr]     Checking bytes v0.5.6
[INFO] [stderr]    Compiling pin-project-internal v0.4.23
[INFO] [stderr]    Compiling proc-macro-nested v0.1.6
[INFO] [stderr]     Checking either v1.6.0
[INFO] [stderr]     Checking once_cell v1.4.1
[INFO] [stderr]     Checking futures-io v0.3.5
[INFO] [stderr]     Checking pin-utils v0.1.0
[INFO] [stderr]     Checking pin-project-lite v0.1.7
[INFO] [stderr]    Compiling getrandom v0.1.15
[INFO] [stderr]     Checking itoa v0.4.6
[INFO] [stderr]     Checking untrusted v0.7.1
[INFO] [stderr]    Compiling httparse v1.3.4
[INFO] [stderr]     Checking hashbrown v0.9.0
[INFO] [stderr]     Checking tinyvec v0.3.4
[INFO] [stderr]     Checking ppv-lite86 v0.2.9
[INFO] [stderr]     Checking matches v0.1.8
[INFO] [stderr]     Checking try-lock v0.2.3
[INFO] [stderr]     Checking base64 v0.12.3
[INFO] [stderr]     Checking subtle v2.3.0
[INFO] [stderr]    Compiling proc-macro2 v0.4.30
[INFO] [stderr]     Checking adler v0.2.3
[INFO] [stderr]    Compiling ryu v1.0.5
[INFO] [stderr]     Checking byte-tools v0.3.1
[INFO] [stderr]     Checking regex-syntax v0.6.18
[INFO] [stderr]     Checking gimli v0.22.0
[INFO] [stderr]     Checking percent-encoding v2.1.0
[INFO] [stderr]     Checking unicode-xid v0.1.0
[INFO] [stderr]     Checking tower-service v0.3.0
[INFO] [stderr]    Compiling serde_json v1.0.57
[INFO] [stderr]    Compiling encoding_rs v0.8.24
[INFO] [stderr]     Checking quick-error v1.2.3
[INFO] [stderr]    Compiling failure_derive v0.1.8
[INFO] [stderr]    Compiling winapi v0.3.9
[INFO] [stderr]     Checking object v0.20.0
[INFO] [stderr]    Compiling feature-probe v0.1.1
[INFO] [stderr]     Checking rustc-demangle v0.1.16
[INFO] [stderr]     Checking opaque-debug v0.2.3
[INFO] [stderr]     Checking subtle v1.0.0
[INFO] [stderr]    Compiling syn v0.15.44
[INFO] [stderr]     Checking mime v0.3.16
[INFO] [stderr]     Checking fake-simd v0.1.2
[INFO] [stderr]     Checking signature v1.2.2
[INFO] [stderr]     Checking dtoa v0.4.6
[INFO] [stderr]    Compiling rustversion v1.0.3
[INFO] [stderr]     Checking termcolor v1.1.0
[INFO] [stderr]     Checking ipnet v2.3.0
[INFO] [stderr]    Compiling bs58 v0.3.1
[INFO] [stderr]     Checking assert_matches v1.3.0
[INFO] [stderr]     Checking hex v0.4.2
[INFO] [stderr]    Compiling fs_extra v1.2.0
[INFO] [stderr]    Compiling glob v0.3.0
[INFO] [stderr]    Compiling rayon-core v1.8.0
[INFO] [stderr]    Compiling pkg-config v0.3.18
[INFO] [stderr]    Compiling anyhow v1.0.32
[INFO] [stderr]    Compiling crc32fast v1.2.0
[INFO] [stderr]    Compiling libloading v0.6.3
[INFO] [stderr]     Checking same-file v1.0.6
[INFO] [stderr]     Checking arrayref v0.3.6
[INFO] [stderr]     Checking remove_dir_all v0.5.3
[INFO] [stderr]     Checking arrayvec v0.5.1
[INFO] [stderr]     Checking constant_time_eq v0.1.5
[INFO] [stderr]     Checking static_assertions v1.1.0
[INFO] [stderr]     Checking symlink v0.1.0
[INFO] [stderr]     Checking lazy_static v1.4.0
[INFO] [stderr]    Compiling semver v0.9.0
[INFO] [stderr]     Checking lock_api v0.3.4
[INFO] [stderr]     Checking futures-channel v0.3.5
[INFO] [stderr]     Checking futures-task v0.3.5
[INFO] [stderr]     Checking itertools v0.9.0
[INFO] [stderr]    Compiling unicase v2.6.0
[INFO] [stderr]    Compiling generic-array v0.14.4
[INFO] [stderr]     Checking unicode-bidi v0.3.4
[INFO] [stderr]    Compiling crossbeam-utils v0.7.2
[INFO] [stderr]    Compiling memoffset v0.5.5
[INFO] [stderr]    Compiling crossbeam-epoch v0.8.2
[INFO] [stderr]    Compiling indexmap v1.6.0
[INFO] [stderr]    Compiling num-traits v0.2.12
[INFO] [stderr]    Compiling num-integer v0.1.43
[INFO] [stderr]    Compiling rayon v1.4.0
[INFO] [stderr]     Checking miniz_oxide v0.4.1
[INFO] [stderr]     Checking http v0.2.1
[INFO] [stderr]     Checking block-padding v0.1.5
[INFO] [stderr]     Checking unicode-normalization v0.1.13
[INFO] [stderr]     Checking humantime v1.3.0
[INFO] [stderr]    Compiling bv v0.11.1
[INFO] [stderr]     Checking tokio-sync v0.1.8
[INFO] [stderr]    Compiling paste-impl v0.1.18
[INFO] [stderr]     Checking walkdir v2.3.1
[INFO] [stderr]     Checking tracing-core v0.1.16
[INFO] [stderr]     Checking thread_local v1.0.1
[INFO] [stderr]    Compiling rustc_version v0.2.3
[INFO] [stderr]     Checking dir-diff v0.3.2
[INFO] [stderr]     Checking want v0.3.0
[INFO] [stderr]     Checking smallvec v0.6.13
[INFO] [stderr]     Checking tracing v0.1.19
[INFO] [stderr]     Checking aho-corasick v0.7.13
[INFO] [stderr]     Checking idna v0.2.0
[INFO] [stderr]    Compiling quote v1.0.7
[INFO] [stderr]    Compiling parking_lot_core v0.6.2
[INFO] [stderr]    Compiling parking_lot v0.9.0
[INFO] [stderr]    Compiling solana-sdk-macro-frozen-abi v1.3.9
[INFO] [stderr]    Compiling solana-sdk v1.3.9
[INFO] [stderr]    Compiling solana-vote-program v1.3.9
[INFO] [stderr]    Compiling solana-stake-program v1.3.9
[INFO] [stderr]    Compiling solana-runtime v1.3.9
[INFO] [stderr]     Checking paste v0.1.18
[INFO] [stderr]     Checking addr2line v0.13.0
[INFO] [stderr]     Checking quote v0.6.13
[INFO] [stderr]    Compiling mime_guess v2.0.3
[INFO] [stderr]     Checking generic-array v0.12.3
[INFO] [stderr]     Checking tokio-executor v0.1.10
[INFO] [stderr]     Checking crossbeam-queue v0.2.3
[INFO] [stderr]     Checking crossbeam-channel v0.4.4
[INFO] [stderr]     Checking http-body v0.3.1
[INFO] [stderr]     Checking url v2.1.1
[INFO] [stderr]     Checking iovec v0.1.4
[INFO] [stderr]     Checking num_cpus v1.13.0
[INFO] [stderr]     Checking net2 v0.2.35
[INFO] [stderr]     Checking time v0.1.44
[INFO] [stderr]     Checking socket2 v0.3.15
[INFO] [stderr]     Checking atty v0.2.14
[INFO] [stderr]     Checking jobserver v0.1.21
[INFO] [stderr]     Checking memmap v0.7.0
[INFO] [stderr]     Checking gethostname v0.2.1
[INFO] [stderr]     Checking filetime v0.2.12
[INFO] [stderr]     Checking xattr v0.2.2
[INFO] [stderr]     Checking flate2 v1.0.17
[INFO] [stderr]     Checking tokio-timer v0.2.13
[INFO] [stderr]     Checking tokio-current-thread v0.1.7
[INFO] [stderr]     Checking regex v1.3.9
[INFO] [stderr]     Checking digest v0.8.1
[INFO] [stderr]     Checking block-buffer v0.7.3
[INFO] [stderr]     Checking crypto-mac v0.7.0
[INFO] [stderr]     Checking bytes v0.4.12
[INFO] [stderr]     Checking crossbeam-deque v0.7.3
[INFO] [stderr]     Checking solana-rayon-threadlimit v1.3.9
[INFO] [stderr]     Checking rand_core v0.5.1
[INFO] [stderr]     Checking cc v1.0.49
[INFO] [stderr]     Checking mio v0.6.22
[INFO] [stderr]     Checking tar v0.4.30
[INFO] [stderr]     Checking sha2 v0.8.2
[INFO] [stderr]     Checking pbkdf2 v0.3.0
[INFO] [stderr]     Checking hmac v0.7.1
[INFO] [stderr]     Checking tokio-threadpool v0.1.18
[INFO] [stderr]     Checking rand_chacha v0.2.2
[INFO] [stderr]     Checking tokio-io v0.1.13
[INFO] [stderr]     Checking rand v0.7.3
[INFO] [stderr]     Checking mio-uds v0.6.8
[INFO] [stderr]     Checking tokio-reactor v0.1.12
[INFO] [stderr]     Checking tokio-codec v0.1.2
[INFO] [stderr]     Checking tokio-fs v0.1.7
[INFO] [stderr]     Checking env_logger v0.7.1
[INFO] [stderr]     Checking tokio v0.2.22
[INFO] [stderr]    Compiling ring v0.16.12
[INFO] [stderr]    Compiling jemalloc-sys v0.3.2
[INFO] [stderr]    Compiling zstd-sys v1.4.17+zstd.1.4.5
[INFO] [stderr]    Compiling bzip2-sys v0.1.9+1.0.8
[INFO] [stderr]    Compiling blake3 v0.3.6
[INFO] [stderr]     Checking tokio-udp v0.1.6
[INFO] [stderr]     Checking tokio-uds v0.2.7
[INFO] [stderr]     Checking tokio-tcp v0.1.4
[INFO] [stderr]     Checking solana-logger v1.3.9
[INFO] [stderr]     Checking tokio v0.1.22
[INFO] [stderr]     Checking tempfile v3.1.0
[INFO] [stderr]     Checking bzip2 v0.3.3
[INFO] [stderr]     Checking webpki v0.21.2
[INFO] [stderr]     Checking sct v0.6.0
[INFO] [stderr]     Checking rustls v0.18.1
[INFO] [stderr]     Checking webpki-roots v0.19.0
[INFO] [stderr]     Checking tokio-util v0.3.1
[INFO] [stderr]     Checking tokio-util v0.2.0
[INFO] [stderr]    Compiling synstructure v0.12.4
[INFO] [stderr]     Checking tokio-rustls v0.14.1
[INFO] [stderr]    Compiling futures-macro v0.3.5
[INFO] [stderr]    Compiling zeroize_derive v1.0.0
[INFO] [stderr]    Compiling thiserror-impl v1.0.20
[INFO] [stderr]    Compiling num-derive v0.3.2
[INFO] [stderr]    Compiling derivative v2.1.1
[INFO] [stderr]    Compiling tarpc-plugins v0.8.0
[INFO] [stderr]     Checking zeroize v1.1.0
[INFO] [stderr]    Compiling solana-sdk-macro v1.3.9
[INFO] [stderr]     Checking curve25519-dalek v2.1.0
[INFO] [stderr]     Checking thiserror v1.0.20
[INFO] [stderr]     Checking pin-project v0.4.23
[INFO] [stderr]     Checking futures-util v0.3.5
[INFO] [stderr]     Checking h2 v0.2.6
[INFO] [stderr]     Checking futures-executor v0.3.5
[INFO] [stderr]     Checking futures v0.3.5
[INFO] [stderr]     Checking ed25519 v1.0.2
[INFO] [stderr]     Checking bincode v1.3.1
[INFO] [stderr]     Checking backtrace v0.3.50
[INFO] [stderr]     Checking serde_urlencoded v0.6.1
[INFO] [stderr]     Checking serde_bytes v0.11.5
[INFO] [stderr]     Checking chrono v0.4.15
[INFO] [stderr]     Checking ed25519-dalek v1.0.0-pre.4
[INFO] [stderr]     Checking tokio-serde v0.6.1
[INFO] [stderr]     Checking failure v0.1.8
[INFO] [stderr]     Checking tarpc v0.21.1
[INFO] [stderr]     Checking crypto-mac v0.8.0
[INFO] [stderr]     Checking digest v0.9.0
[INFO] [stderr]     Checking hyper v0.13.7
[INFO] [stderr]     Checking zstd-safe v2.0.5+zstd.1.4.5
[INFO] [stderr]     Checking zstd v0.5.3+zstd.1.4.5
[INFO] [stderr]     Checking hyper-rustls v0.21.0
[INFO] [stderr]     Checking reqwest v0.10.8
[INFO] [stderr]     Checking solana-crate-features v1.3.9
[INFO] [stderr]     Checking solana-metrics v1.3.9
[INFO] [stderr]     Checking solana-config-program v1.3.9
[INFO] [stderr]     Checking solana-banks-interface v1.3.9
[INFO] [stderr]     Checking jemalloc-ctl v0.3.3
[INFO] [stderr]     Checking jemallocator v0.3.2
[INFO] [stderr]     Checking solana-measure v1.3.9
[INFO] [stderr]     Checking solana-banks-server v1.3.7 (/opt/rustwide/workdir)
[INFO] [stdout] error[E0432]: unresolved import `solana_runtime::send_transaction_service`
[INFO] [stdout]   --> src/banks_server.rs:11:5
[INFO] [stdout]    |
[INFO] [stdout] 11 |     send_transaction_service::{SendTransactionService, TransactionInfo},
[INFO] [stdout]    |     ^^^^^^^^^^^^^^^^^^^^^^^^ could not find `send_transaction_service` in `solana_runtime`
[INFO] [stdout] 
[INFO] [stdout] 
[INFO] [stdout] error[E0432]: unresolved import `solana_runtime::send_transaction_service`
[INFO] [stdout]   --> src/banks_server.rs:11:5
[INFO] [stdout]    |
[INFO] [stdout] 11 |     send_transaction_service::{SendTransactionService, TransactionInfo},
[INFO] [stdout]    |     ^^^^^^^^^^^^^^^^^^^^^^^^ could not find `send_transaction_service` in `solana_runtime`
[INFO] [stdout] 
[INFO] [stdout] 
[INFO] [stdout] error[E0277]: `*mut std::sync::mpsc::sync::Node` cannot be sent between threads safely
[INFO] [stdout]    --> src/banks_server.rs:231:5
[INFO] [stdout]     |
[INFO] [stdout] 231 |     tokio::spawn(server);
[INFO] [stdout]     |     ^^^^^^^^^^^^ `*mut std::sync::mpsc::sync::Node` cannot be sent between threads safely
[INFO] [stdout]     |
[INFO] [stdout]     = help: within `ServeBanks<BanksServer>`, the trait `std::marker::Send` is not implemented for `*mut std::sync::mpsc::sync::Node`
[INFO] [stdout]     = note: required because it appears within the type `std::sync::mpsc::sync::Queue`
[INFO] [stdout]     = note: required because it appears within the type `std::sync::mpsc::sync::State<[type error]>`
[INFO] [stdout]     = note: required because it appears within the type `UnsafeCell<std::sync::mpsc::sync::State<[type error]>>`
[INFO] [stdout]     = note: required because it appears within the type `std::sync::Mutex<std::sync::mpsc::sync::State<[type error]>>`
[INFO] [stdout]     = note: required because it appears within the type `std::sync::mpsc::sync::Packet<[type error]>`
[INFO] [stdout]     = note: required because it appears within the type `alloc::sync::ArcInner<std::sync::mpsc::sync::Packet<[type error]>>`
[INFO] [stdout]     = note: required because it appears within the type `PhantomData<alloc::sync::ArcInner<std::sync::mpsc::sync::Packet<[type error]>>>`
[INFO] [stdout]     = note: required because it appears within the type `Arc<std::sync::mpsc::sync::Packet<[type error]>>`
[INFO] [stdout]     = note: required because it appears within the type `std::sync::mpsc::Flavor<[type error]>`
[INFO] [stdout]     = note: required because it appears within the type `UnsafeCell<std::sync::mpsc::Flavor<[type error]>>`
[INFO] [stdout]     = note: required because it appears within the type `std::sync::mpsc::Sender<[type error]>`
[INFO] [stdout]     = note: required because it appears within the type `BanksServer`
[INFO] [stdout]     = note: required because it appears within the type `ServeBanks<BanksServer>`
[INFO] [stdout]     = note: required because of the requirements on the impl of `futures::Future` for `Running<impl Stream, ServeBanks<BanksServer>>`
[INFO] [stdout] 
[INFO] [stdout] 
[INFO] [stdout] error[E0277]: `*mut std::sync::mpsc::sync::Node` cannot be sent between threads safely
[INFO] [stdout]    --> src/banks_server.rs:231:5
[INFO] [stdout]     |
[INFO] [stdout] 231 |     tokio::spawn(server);
[INFO] [stdout]     |     ^^^^^^^^^^^^ `*mut std::sync::mpsc::sync::Node` cannot be sent between threads safely
[INFO] [stdout]     |
[INFO] [stdout]     = help: within `ServeBanks<BanksServer>`, the trait `std::marker::Send` is not implemented for `*mut std::sync::mpsc::sync::Node`
[INFO] [stdout]     = note: required because it appears within the type `std::sync::mpsc::sync::Queue`
[INFO] [stdout]     = note: required because it appears within the type `std::sync::mpsc::sync::State<[type error]>`
[INFO] [stdout]     = note: required because it appears within the type `UnsafeCell<std::sync::mpsc::sync::State<[type error]>>`
[INFO] [stdout]     = note: required because it appears within the type `std::sync::Mutex<std::sync::mpsc::sync::State<[type error]>>`
[INFO] [stdout]     = note: required because it appears within the type `std::sync::mpsc::sync::Packet<[type error]>`
[INFO] [stdout]     = note: required because it appears within the type `alloc::sync::ArcInner<std::sync::mpsc::sync::Packet<[type error]>>`
[INFO] [stdout]     = note: required because it appears within the type `PhantomData<alloc::sync::ArcInner<std::sync::mpsc::sync::Packet<[type error]>>>`
[INFO] [stdout]     = note: required because it appears within the type `std::sync::Arc<std::sync::mpsc::sync::Packet<[type error]>>`
[INFO] [stdout]     = note: required because it appears within the type `std::sync::mpsc::Flavor<[type error]>`
[INFO] [stdout]     = note: required because it appears within the type `UnsafeCell<std::sync::mpsc::Flavor<[type error]>>`
[INFO] [stdout]     = note: required because it appears within the type `std::sync::mpsc::Sender<[type error]>`
[INFO] [stdout]     = note: required because it appears within the type `BanksServer`
[INFO] [stdout]     = note: required because it appears within the type `ServeBanks<BanksServer>`
[INFO] [stdout]     = note: required because of the requirements on the impl of `futures::Future` for `Running<impl Stream, ServeBanks<BanksServer>>`
[INFO] [stdout] 
[INFO] [stdout] 
[INFO] [stdout] error[E0599]: no method named `execute` found for struct `ClientHandler<server::filter::TrackedChannel<BaseChannel<BanksRequest, BanksResponse, tarpc::serde_transport::Transport<tokio::net::TcpStream, ClientMessage<BanksRequest>, Response<BanksResponse>, Bincode<ClientMessage<BanksRequest>, Response<BanksResponse>>>>, IpAddr>, ServeBanks<BanksServer>>` in the current scope
[INFO] [stdout]    --> src/banks_server.rs:264:47
[INFO] [stdout]     |
[INFO] [stdout] 264 |             chan.respond_with(server.serve()).execute()
[INFO] [stdout]     |                                               ^^^^^^^ method not found in `ClientHandler<server::filter::TrackedChannel<BaseChannel<BanksRequest, BanksResponse, tarpc::serde_transport::Transport<tokio::net::TcpStream, ClientMessage<BanksRequest>, Response<BanksResponse>, Bincode<ClientMessage<BanksRequest>, Response<BanksResponse>>>>, IpAddr>, ServeBanks<BanksServer>>`
[INFO] [stdout]     | 
[INFO] [stdout]    ::: /opt/rustwide/cargo-home/registry/src/github.com-1ecc6299db9ec823/solana-banks-interface-1.3.9/src/lib.rs:20:1
[INFO] [stdout]     |
[INFO] [stdout] 20  | #[tarpc::service]
[INFO] [stdout]     | ----------------- doesn't satisfy `ServeBanks<BanksServer>: std::marker::Send`
[INFO] [stdout]     |
[INFO] [stdout]     = note: the method `execute` exists but the following trait bounds were not satisfied:
[INFO] [stdout]             `ServeBanks<BanksServer>: std::marker::Send`
[INFO] [stdout] 
[INFO] [stdout] 
[INFO] [stdout] error[E0599]: no method named `execute` found for struct `ClientHandler<server::filter::TrackedChannel<BaseChannel<BanksRequest, BanksResponse, tarpc::serde_transport::Transport<tokio::net::TcpStream, ClientMessage<BanksRequest>, Response<BanksResponse>, Bincode<ClientMessage<BanksRequest>, Response<BanksResponse>>>>, IpAddr>, ServeBanks<BanksServer>>` in the current scope
[INFO] [stdout]    --> src/banks_server.rs:264:47
[INFO] [stdout]     |
[INFO] [stdout] 264 |             chan.respond_with(server.serve()).execute()
[INFO] [stdout]     |                                               ^^^^^^^ method not found in `ClientHandler<server::filter::TrackedChannel<BaseChannel<BanksRequest, BanksResponse, tarpc::serde_transport::Transport<tokio::net::TcpStream, ClientMessage<BanksRequest>, Response<BanksResponse>, Bincode<ClientMessage<BanksRequest>, Response<BanksResponse>>>>, IpAddr>, ServeBanks<BanksServer>>`
[INFO] [stdout]     | 
[INFO] [stdout]    ::: /opt/rustwide/cargo-home/registry/src/github.com-1ecc6299db9ec823/solana-banks-interface-1.3.9/src/lib.rs:20:1
[INFO] [stdout]     |
[INFO] [stdout] 20  | #[tarpc::service]
[INFO] [stdout]     | ----------------- doesn't satisfy `ServeBanks<BanksServer>: std::marker::Send`
[INFO] [stdout]     |
[INFO] [stdout]     = note: the method `execute` exists but the following trait bounds were not satisfied:
[INFO] [stdout]             `ServeBanks<BanksServer>: std::marker::Send`
[INFO] [stdout] 
[INFO] [stdout] 
[INFO] [stdout] error[E0282]: type annotations needed for `(std::sync::mpsc::Sender<T>, std::sync::mpsc::Receiver<T>)`
[INFO] [stdout]   --> src/banks_server.rs:85:58
[INFO] [stdout]    |
[INFO] [stdout] 85 |         let (transaction_sender, transaction_receiver) = channel();
[INFO] [stdout]    |             ------------------------------------------   ^^^^^^^ cannot infer type for type parameter `T` declared on the function `channel`
[INFO] [stdout]    |             |
[INFO] [stdout]    |             consider giving this pattern the explicit type `(std::sync::mpsc::Sender<T>, std::sync::mpsc::Receiver<T>)`, where the type parameter `T` is specified
[INFO] [stdout] 
[INFO] [stdout] 
[INFO] [stdout] error: future cannot be sent between threads safely
[INFO] [stdout]    --> src/banks_server.rs:135:1
[INFO] [stdout]     |
[INFO] [stdout] 135 | #[tarpc::server]
[INFO] [stdout]     | ^^^^^^^^^^^^^^^^ future created by async block is not `Send`
[INFO] [stdout]     |
[INFO] [stdout]     = help: within `impl futures::Future`, the trait `std::marker::Send` is not implemented for `*mut std::sync::mpsc::sync::Node`
[INFO] [stdout] note: captured value is not `Send`
[INFO] [stdout]    --> src/banks_server.rs:157:20
[INFO] [stdout]     |
[INFO] [stdout] 157 |         let bank = self.bank(commitment);
[INFO] [stdout]     |                    ^^^^ has type `BanksServer` which is not `Send`
[INFO] [stdout]     = note: required for the cast to the object type `dyn futures::Future<Output = (FeeCalculator, solana_sdk::hash::Hash, u64)> + std::marker::Send`
[INFO] [stdout]     = note: this error originates in an attribute macro (in Nightly builds, run with -Z macro-backtrace for more info)
[INFO] [stdout] 
[INFO] [stdout] 
[INFO] [stdout] error: future cannot be sent between threads safely
[INFO] [stdout]    --> src/banks_server.rs:135:1
[INFO] [stdout]     |
[INFO] [stdout] 135 | #[tarpc::server]
[INFO] [stdout]     | ^^^^^^^^^^^^^^^^ future created by async block is not `Send`
[INFO] [stdout]     |
[INFO] [stdout]     = help: within `impl futures::Future`, the trait `std::marker::Send` is not implemented for `*mut std::sync::mpsc::sync::Node`
[INFO] [stdout] note: captured value is not `Send`
[INFO] [stdout]    --> src/banks_server.rs:168:20
[INFO] [stdout]     |
[INFO] [stdout] 168 |         let bank = self.bank(CommitmentLevel::Recent);
[INFO] [stdout]     |                    ^^^^ has type `BanksServer` which is not `Send`
[INFO] [stdout]     = note: required for the cast to the object type `dyn futures::Future<Output = Option<TransactionStatus>> + std::marker::Send`
[INFO] [stdout]     = note: this error originates in an attribute macro (in Nightly builds, run with -Z macro-backtrace for more info)
[INFO] [stdout] 
[INFO] [stdout] 
[INFO] [stdout] error: future cannot be sent between threads safely
[INFO] [stdout]    --> src/banks_server.rs:135:1
[INFO] [stdout]     |
[INFO] [stdout] 135 | #[tarpc::server]
[INFO] [stdout]     | ^^^^^^^^^^^^^^^^ future created by async block is not `Send`
[INFO] [stdout]     |
[INFO] [stdout]     = help: within `impl futures::Future`, the trait `std::marker::Send` is not implemented for `*mut std::sync::mpsc::sync::Node`
[INFO] [stdout] note: captured value is not `Send`
[INFO] [stdout]    --> src/banks_server.rs:187:9
[INFO] [stdout]     |
[INFO] [stdout] 187 |         self.slot(commitment)
[INFO] [stdout]     |         ^^^^ has type `BanksServer` which is not `Send`
[INFO] [stdout]     = note: required for the cast to the object type `dyn futures::Future<Output = u64> + std::marker::Send`
[INFO] [stdout]     = note: this error originates in an attribute macro (in Nightly builds, run with -Z macro-backtrace for more info)
[INFO] [stdout] 
[INFO] [stdout] 
[INFO] [stdout] error[E0282]: type annotations needed for `(std::sync::mpsc::Sender<T>, std::sync::mpsc::Receiver<T>)`
[INFO] [stdout]   --> src/banks_server.rs:85:58
[INFO] [stdout]    |
[INFO] [stdout] 85 |         let (transaction_sender, transaction_receiver) = channel();
[INFO] [stdout]    |             ------------------------------------------   ^^^^^^^ cannot infer type for type parameter `T` declared on the function `channel`
[INFO] [stdout]    |             |
[INFO] [stdout]    |             consider giving this pattern the explicit type `(std::sync::mpsc::Sender<T>, std::sync::mpsc::Receiver<T>)`, where the type parameter `T` is specified
[INFO] [stdout] 
[INFO] [stdout] 
[INFO] [stdout] error: future cannot be sent between threads safely
[INFO] [stdout]    --> src/banks_server.rs:135:1
[INFO] [stdout]     |
[INFO] [stdout] 135 | #[tarpc::server]
[INFO] [stdout]     | ^^^^^^^^^^^^^^^^ future created by async block is not `Send`
[INFO] [stdout]     |
[INFO] [stdout]     = help: within `impl futures::Future`, the trait `std::marker::Send` is not implemented for `*mut std::sync::mpsc::sync::Node`
[INFO] [stdout] note: captured value is not `Send`
[INFO] [stdout]    --> src/banks_server.rs:218:20
[INFO] [stdout]     |
[INFO] [stdout] 218 |         let bank = self.bank(commitment);
[INFO] [stdout]     |                    ^^^^ has type `BanksServer` which is not `Send`
[INFO] [stdout]     = note: required for the cast to the object type `dyn futures::Future<Output = Option<solana_sdk::account::Account>> + std::marker::Send`
[INFO] [stdout]     = note: this error originates in an attribute macro (in Nightly builds, run with -Z macro-backtrace for more info)
[INFO] [stdout] 
[INFO] [stdout] 
[INFO] [stdout] error: aborting due to 8 previous errors
[INFO] [stdout] 
[INFO] [stdout] 
[INFO] [stdout] Some errors have detailed explanations: E0277, E0282, E0432, E0599.
[INFO] [stdout] 
[INFO] [stdout] For more information about an error, try `rustc --explain E0277`.
[INFO] [stdout] 
[INFO] [stdout] error: future cannot be sent between threads safely
[INFO] [stdout]    --> src/banks_server.rs:135:1
[INFO] [stdout]     |
[INFO] [stdout] 135 | #[tarpc::server]
[INFO] [stdout]     | ^^^^^^^^^^^^^^^^ future created by async block is not `Send`
[INFO] [stdout]     |
[INFO] [stdout]     = help: within `impl futures::Future`, the trait `std::marker::Send` is not implemented for `*mut std::sync::mpsc::sync::Node`
[INFO] [stdout] note: captured value is not `Send`
[INFO] [stdout]    --> src/banks_server.rs:157:20
[INFO] [stdout]     |
[INFO] [stdout] 157 |         let bank = self.bank(commitment);
[INFO] [stdout]     |                    ^^^^ has type `BanksServer` which is not `Send`
[INFO] [stdout]     = note: required for the cast to the object type `dyn futures::Future<Output = (FeeCalculator, solana_sdk::hash::Hash, u64)> + std::marker::Send`
[INFO] [stdout]     = note: this error originates in an attribute macro (in Nightly builds, run with -Z macro-backtrace for more info)
[INFO] [stdout] 
[INFO] [stdout] 
[INFO] [stderr] error: could not compile `solana-banks-server`.
[INFO] [stderr] 
[INFO] [stderr] To learn more, run the command again with --verbose.
[INFO] [stderr] warning: build failed, waiting for other jobs to finish...
[INFO] [stdout] error: future cannot be sent between threads safely
[INFO] [stdout]    --> src/banks_server.rs:135:1
[INFO] [stdout]     |
[INFO] [stdout] 135 | #[tarpc::server]
[INFO] [stdout]     | ^^^^^^^^^^^^^^^^ future created by async block is not `Send`
[INFO] [stdout]     |
[INFO] [stdout]     = help: within `impl futures::Future`, the trait `std::marker::Send` is not implemented for `*mut std::sync::mpsc::sync::Node`
[INFO] [stdout] note: captured value is not `Send`
[INFO] [stdout]    --> src/banks_server.rs:168:20
[INFO] [stdout]     |
[INFO] [stdout] 168 |         let bank = self.bank(CommitmentLevel::Recent);
[INFO] [stdout]     |                    ^^^^ has type `BanksServer` which is not `Send`
[INFO] [stdout]     = note: required for the cast to the object type `dyn futures::Future<Output = Option<TransactionStatus>> + std::marker::Send`
[INFO] [stdout]     = note: this error originates in an attribute macro (in Nightly builds, run with -Z macro-backtrace for more info)
[INFO] [stdout] 
[INFO] [stdout] 
[INFO] [stdout] error: future cannot be sent between threads safely
[INFO] [stdout]    --> src/banks_server.rs:135:1
[INFO] [stdout]     |
[INFO] [stdout] 135 | #[tarpc::server]
[INFO] [stdout]     | ^^^^^^^^^^^^^^^^ future created by async block is not `Send`
[INFO] [stdout]     |
[INFO] [stdout]     = help: within `impl futures::Future`, the trait `std::marker::Send` is not implemented for `*mut std::sync::mpsc::sync::Node`
[INFO] [stdout] note: captured value is not `Send`
[INFO] [stdout]    --> src/banks_server.rs:187:9
[INFO] [stdout]     |
[INFO] [stdout] 187 |         self.slot(commitment)
[INFO] [stdout]     |         ^^^^ has type `BanksServer` which is not `Send`
[INFO] [stdout]     = note: required for the cast to the object type `dyn futures::Future<Output = u64> + std::marker::Send`
[INFO] [stdout]     = note: this error originates in an attribute macro (in Nightly builds, run with -Z macro-backtrace for more info)
[INFO] [stdout] 
[INFO] [stdout] 
[INFO] [stdout] error: future cannot be sent between threads safely
[INFO] [stdout]    --> src/banks_server.rs:135:1
[INFO] [stdout]     |
[INFO] [stdout] 135 | #[tarpc::server]
[INFO] [stdout]     | ^^^^^^^^^^^^^^^^ future created by async block is not `Send`
[INFO] [stdout]     |
[INFO] [stdout]     = help: within `impl futures::Future`, the trait `std::marker::Send` is not implemented for `*mut std::sync::mpsc::sync::Node`
[INFO] [stdout] note: captured value is not `Send`
[INFO] [stdout]    --> src/banks_server.rs:218:20
[INFO] [stdout]     |
[INFO] [stdout] 218 |         let bank = self.bank(commitment);
[INFO] [stdout]     |                    ^^^^ has type `BanksServer` which is not `Send`
[INFO] [stdout]     = note: required for the cast to the object type `dyn futures::Future<Output = Option<solana_sdk::account::Account>> + std::marker::Send`
[INFO] [stdout]     = note: this error originates in an attribute macro (in Nightly builds, run with -Z macro-backtrace for more info)
[INFO] [stdout] 
[INFO] [stdout] 
[INFO] [stdout] error: aborting due to 8 previous errors
[INFO] [stdout] 
[INFO] [stdout] 
[INFO] [stdout] Some errors have detailed explanations: E0277, E0282, E0432, E0599.
[INFO] [stdout] 
[INFO] [stdout] For more information about an error, try `rustc --explain E0277`.
[INFO] [stdout] 
[INFO] [stderr] error: build failed
[INFO] running `Command { std: "docker" "inspect" "0e9d24873802e103b793eb6c9111ffa2c1e81b4baa99ddb4951cf13de6e407d6", kill_on_drop: false }`
[INFO] running `Command { std: "docker" "rm" "-f" "0e9d24873802e103b793eb6c9111ffa2c1e81b4baa99ddb4951cf13de6e407d6", kill_on_drop: false }`
[INFO] [stdout] 0e9d24873802e103b793eb6c9111ffa2c1e81b4baa99ddb4951cf13de6e407d6
